((-26)/3679). Suppose 0 = 4*x + 4*o - 776, o + v = 2*x + x. Suppose z - i - 95 = -0*z, -2*z = 2*i - x. Is z prime?
False
Let u(b) = 3560*b + 1653. Is u(30) a composite number?
True
Let w be (-2)/(-6) + (-1)/3. Let m be (69/(-6))/(905/(-300) + 3). Suppose -5*h + 5*b = -m, h - 3*b = -w*b + 146. Is h a prime number?
False
Suppose 2119171 + 53966 = 21*x - 3095280. Is x a composite number?
True
Suppose 10*f + 4 = 8*f. Let h be (-10)/(-20) + 3143/f. Let m = -502 - h. Is m a prime number?
True
Suppose 4*c - 1256489 = -5*q + 1560154, -4*c - 1689973 = -3*q. Is q a composite number?
False
Suppose -u - 21 = -5*u - a, -15 = -3*a. Suppose -2*c + f = c - 7, -f = u*c - 7. Suppose -227 = c*w - j - 1495, -625 = -w - 4*j. Is w a prime number?
False
Let p be (-2 - 915/(-35)) + (-1)/7. Let y = p - -11. Is 8886/14 - (-10)/y prime?
False
Suppose m - 5380 = 3*r, -5*m + 2*r + 16531 = -10382. Is (-2 - 0)*1 - m*-1 composite?
False
Let g be 2*-11 + (2 - (3 - 5)). Let d(s) = s**3 + 27*s**2 + 8*s + 5. Is d(g) a prime number?
True
Let r = 1567788 - 966859. Is r a composite number?
True
Suppose 6*l = 4*l - 4*y + 2584, -l = -3*y - 1282. Let j = l - -2823. Is j composite?
False
Let i be 1*22631/49 - (-2)/14. Let l = i + -83. Is l a prime number?
True
Suppose -6*f + 3*f + 4*k = -5354, 0 = -5*f + 3*k + 8927. Let u(x) = -x**3 + 50*x**2 + 2*x + 149. Let q be u(49). Let g = q - f. Is g composite?
True
Suppose -468*d - 105946723 + 142851382 = -233023233. Is d a prime number?
True
Let q = -1 - -3. Suppose -3*l + 4 = -q*l. Suppose l*a - 8*t - 232 = -3*t, 5*t - 245 = -5*a. Is a prime?
True
Let n(p) = -p**2 + 27*p - 45. Let k be n(25). Suppose -16*x = -k*x - 127039. Is x a composite number?
False
Let q = 371655 - 263681. Is q composite?
True
Let s(h) be the third derivative of 7*h**5/30 - 7*h**4/24 - 3*h**3/2 - 15*h**2. Let k be s(-4). Let v = -137 + k. Is v composite?
True
Let p = 3190 - 3192. Let u(w) be the first derivative of -141*w**4/4 - w**3/3 + 5*w**2/2 + 3*w - 1. Is u(p) a composite number?
False
Suppose 4*c - 509464 = -2*b, 217*c - 1273645 = -5*b + 212*c. Is b a composite number?
True
Suppose -d - 16 = 26. Let u = -44 - d. Is (u/(-6))/(4/7356) a composite number?
False
Let s = 29050 + 8871. Is s a prime number?
False
Let r(w) = -2*w**2 - 18*w. Let m be r(-6). Suppose 0 = k + q - m, -7*q + 3*q + 42 = k. Is k prime?
False
Suppose 5*y = -2*m + 2738, -y - 4*m = y - 1108. Let v = 659 + y. Is v composite?
True
Let t = 1563 + -769. Suppose -5*b - 234 + t = 0. Suppose 2*n = 3*j + b, -4*n + n - 2*j + 155 = 0. Is n prime?
True
Suppose 573723 = -2*i - 321545. Is 2/6 + (-25)/(825/i) prime?
False
Let t = 558732 - 167567. Is t composite?
True
Is (1/(-2))/((-18)/947124) a prime number?
True
Suppose 0 = 15*u - 7*u + 416. Let m be 2/3 - u/39. Suppose 0 = -m*q + r + 275, 200 = q + 2*r + 55. Is q composite?
False
Let p = 9449 + -1619. Suppose 5*m - 2*m = p. Is -3 + 0 - (2 - m) prime?
False
Let y(z) = -2 - 7*z**3 + 2*z**3 + 3*z**2 - 4*z + 4*z**3. Let w be y(2). Let a(v) = -5*v**3 + 2*v**2 - 11*v - 5. Is a(w) composite?
False
Suppose -27*w + 30*w + 3*l = 1413696, -2*w + 2*l + 942452 = 0. Is w a prime number?
False
Let u be 1 + (4 - (-29)/(-1)). Let h = -19 - u. Suppose -2*d + 1010 = 4*q, h*q - d - d - 1249 = 0. Is q a prime number?
True
Let i(d) = 5921*d**3 + 3*d**2 - 7*d - 6. Let c be i(-2). Is c/(-9) - 5/(-45) a composite number?
False
Let d be 105/70*2066/3. Suppose -i = -5654 + d. Is i a composite number?
False
Let b be (-294)/56 - (7/4 + -2). Let k = 5 + b. Is 57 + 1 + k/(4 - -1) prime?
False
Suppose 5*q = -3*d + 696353, -2*d - 557056 = 26*q - 30*q. Is q a composite number?
False
Is (-2 + 1)/(4 + 4393128/(-1098280)) composite?
True
Suppose -13*q + 1055367 = -126710. Is q prime?
False
Let v be 974*3 + -1 + 6. Suppose -6*q + v = -5*q. Is q prime?
True
Suppose -5 = k - 8. Suppose -2*h = 3*x - h + 17, 0 = -3*x - k*h - 27. Is (518/(-4) - x)/((-1)/2) a prime number?
True
Is 3/12 + 0 - (-16563)/4 composite?
True
Suppose -10*u = -8*u + 10274. Let z be (-3)/(-2) + u/(-22). Let g = 624 - z. Is g a prime number?
True
Let i(b) = 11*b**3 - 67*b**2 + 63*b - 43. Let k(j) = 5*j**3 - 34*j**2 + 32*j - 22. Let g(l) = 6*i(l) - 13*k(l). Is g(-29) a prime number?
False
Let r = -44 + 40. Let p(s) = -601*s + 55. Is p(r) a prime number?
True
Suppose 4*s + 3*d - 15 = -6, -5*d - 14 = -3*s. Suppose -4*b - s*h + 1812 = 0, -2*h + 260 = b - 188. Let a = b - 193. Is a a composite number?
False
Suppose -9*a + 19 = 100. Is 79808/(3 + 5) + a a composite number?
False
Let r(i) be the first derivative of 253*i**2/2 - 3*i - 19. Is r(5) prime?
False
Let o(b) = 6616*b - 3013. Is o(4) a composite number?
True
Suppose -763012 - 178177 = -5*g + 2*w, -3*g + 564732 = 5*w. Is g a composite number?
True
Let r(a) = a**2 - 9*a - 19. Let p be r(11). Let j(n) = 526*n**3 + 3*n**2 + 4*n + 10. Is j(p) composite?
False
Is 13 - (-138687 - (6 + -17)) prime?
False
Suppose x - 10 = -x. Suppose -18 = -x*b - 3*p, 4*b + 5*p + 50 = 9*b. Let u(g) = 271*g + 11. Is u(b) composite?
False
Let v be (3 + 2)*84/30. Let h(m) = 2879*m - 143. Is h(v) prime?
True
Suppose -128*c = -126*c - 108. Suppose -c*i + 3595 = -49*i. Is i a composite number?
False
Is (-10 + 1)*((-24752660)/180)/29 composite?
False
Let n = 167 + -164. Suppose -n*f + i = -4908, 4*i + 946 = -3*f + 5869. Is f composite?
False
Let d(t) = 58*t**2 + 9*t + 6. Let y(k) = 57*k**2 + 9*k + 6. Let q(f) = 7*d(f) - 6*y(f). Is q(5) a composite number?
True
Let w(r) = -34*r**2 + 71*r + 29 + 31*r**2 + 2*r. Let s be w(24). Suppose a = 2*p - 634 - s, 2*p = -2*a + 702. Is p a composite number?
True
Let b = -1143 + -730. Let y = -966 - b. Is y composite?
False
Let f be (-27)/(-33) - 1 - (-2493)/99. Suppose -q + f*q - 19128 = 0. Is q a composite number?
False
Suppose -5*s = 2*t - 205051, 1946*t - 164034 = -4*s + 1941*t. Is s a prime number?
True
Is 27650718/54*1 + (-8)/(-3) a prime number?
False
Let c(s) = 3*s**3 - 10*s**2 - 2*s - 8. Let a be c(12). Let f = 6761 - a. Is f composite?
False
Let q(n) = -54*n**3 - 11*n**2 - 28*n + 14. Is q(-15) prime?
False
Suppose 61428 + 113342 = 5*k. Is (k/(-5) + 49/(-245))*-1 prime?
True
Let b(d) = -40*d**3 + 5*d**2 + 210*d - 34. Is b(-19) a prime number?
True
Let u(x) = 2*x**3 - 23*x**2 - x + 35. Let a be ((-17)/(-5) - 1)*90/12. Is u(a) prime?
True
Let r(g) = 1157*g**3 + 49*g**2 - 106*g - 1. Is r(2) prime?
True
Let z(i) = 5*i**3 + 1. Let t be z(-1). Is (-4)/((-32)/47756) - t/(-8) a composite number?
True
Let f(z) = 37*z + 5. Let x be f(-3). Let r = 363 - x. Is r a prime number?
False
Let p be (-2)/14 - (-493)/119. Suppose 4*a = 3*a + p. Suppose a*k - 1245 = -3*o, -3*o + 2*k + 1734 = 471. Is o a prime number?
True
Suppose -50*n - 2892 = -48*n. Let p = -505 - n. Is p composite?
False
Suppose 3*b + 1373780 = 2*p, -103*b = 10*p - 105*b - 6868822. Is p a composite number?
True
Let t = 6 - -113. Suppose t*w - 118*w - 1177 = 0. Is w composite?
True
Is 1 - (-21)/(-18) - ((-5367873)/126 - -9) a composite number?
True
Let z(u) = 2*u**3 - 52*u**2 + 6*u - 103. Is z(44) prime?
True
Let i(g) = -112*g**2 - 2*g + 1. Let d be i(-3). Let m be (-3)/(-5) - (-15414)/10. Let c = d + m. Is c a prime number?
True
Suppose 133*d - 128*d = -4605. Let a = d - -1844. Is a a composite number?
True
Let b(r) = 24731*r**2 + 112*r + 26. Is b(3) a prime number?
True
Suppose -2*f - 815*j + 167000 = -813*j, 6 = 2*j. Is f prime?
True
Suppose -2*i + 2*v = 2628, -1297 = 2*i - 5*v + 1328. Is -4*(-3)/(-20)*i prime?
False
Let c = 7 - 50. Let s = c + 45. Let m(x) = 81*x - 5. Is m(s) composite?
False
Let y = -27610 - -17517. Is 6/(-2) - (y + 11)*2 a prime number?
True
Let h(y) = -156*y**3 - 7*y**2 + 39*y + 123. Is h(-4) composite?
False
Let j = 7189 - 3104. Suppose 5*h = -5*f + 28155, f - 3*h - 1530 - j = 0. Is f a composite number?
True
Let a(u) = -6*u**2 + 88*u - 2. Let n be a(-31). Let q = 11915 + n. Is q a composite number?
True
Is (-5)/((-50)/(-140)) + 179995 composite?
False
Let p be ((-9)/15)/((-1)/10). Suppose -6*z - p*z = 4584. Is (z/(-3) - 1)/(2/6) a prime number?
True
Let m(h) = -h**3 - 10*h**2 + 16*h + 46. Let y be m(-11). Let q(c) = 65*c**2 - 10*c + 8. Is q(y) a composite number?
True
Let r = -835 + 1386. Suppose 1671 + 159 = 5*s. Let f = r - s. Is f a composite number?
True
Suppose 0 = 20*m - m. Let z(s) = 